{"id":1780,"date":"2017-05-30T22:17:56","date_gmt":"2017-05-30T22:17:56","guid":{"rendered":"https:\/\/cbme.org.br\/novo\/?page_id=1780"},"modified":"2017-05-30T22:18:56","modified_gmt":"2017-05-30T22:18:56","slug":"mesas-e-apresentacoes","status":"publish","type":"page","link":"https:\/\/cbme.org.br\/novo\/mesas-e-apresentacoes\/","title":{"rendered":"Mesas e apresenta\u00e7\u00f5es"},"content":{"rendered":"<h2><a href=\"https:\/\/cbme.org.br\/novo\/3o-encontro-de-parques-de-montanha\/\"><img fetchpriority=\"high\" decoding=\"async\" class=\"wp-image-1792 size-medium aligncenter\" src=\"https:\/\/cbme.org.br\/novo\/wp-content\/uploads\/2017\/05\/Screen-Shot-2017-05-30-at-19.16.03-300x208.png\" alt=\"\" width=\"300\" height=\"208\" srcset=\"https:\/\/cbme.org.br\/novo\/wp-content\/uploads\/2017\/05\/Screen-Shot-2017-05-30-at-19.16.03-300x208.png 300w, https:\/\/cbme.org.br\/novo\/wp-content\/uploads\/2017\/05\/Screen-Shot-2017-05-30-at-19.16.03.png 430w\" sizes=\"(max-width: 300px) 100vw, 300px\" \/><\/a><\/h2>\n<p><a href=\"https:\/\/cbme.org.br\/novo\/3o-encontro-de-parques-de-montanha\/\">Vide relat\u00f3rio completo aqui<\/a><\/p>\n<p><strong>Apresenta\u00e7\u00f5es disponibilizadas<\/strong><\/p>\n<p><strong>MESA I \u2013 <\/strong><strong><em>Quais s\u00e3o os entraves para a aceita\u00e7\u00e3o e gest\u00e3o da visita\u00e7\u00e3o nos parques e como super\u00e1-los?<\/em><\/strong><\/p>\n<ul>\n<li><strong><em>Rodrigo Bacellar<\/em><\/strong><em>, Analista Ambiental do ICMBio e Membro da equipe da COMAN &#8211; <a href=\"https:\/\/cbme.org.br\/novo\/wp-content\/uploads\/2017\/05\/3EP-RodrigoMello_ICMBIO.ppsx\" target=\"_blank\" rel=\"noopener noreferrer\">A abordagem atual do ICMBio para elabora\u00e7\u00e3o de planos de manejo<\/a><\/em><\/li>\n<li><strong><em>Eduardo Lardosa<\/em><\/strong><em>, Gerente de Fauna, INEA &#8211;\u00a0<a href=\"https:\/\/cbme.org.br\/novo\/wp-content\/uploads\/2017\/05\/3EP-Lardosa-INEA.pdf\" target=\"_blank\" rel=\"noopener noreferrer\">Zoneamento e diversidade de visita\u00e7\u00e3o: entraves e propostas de otimiza\u00e7\u00e3o<\/a><\/em><\/li>\n<\/ul>\n<p><strong><em>MESA II \u2013 Diversidade de parcerias em UC &#8211; como podem melhor contribuir para a sustentabilidade dos parques?<\/em><\/strong><\/p>\n<ul>\n<li><strong><em>\u00a0Diego Scofano, <\/em><\/strong><em>Diretor da Companhia Caminho A\u00e9reo P\u00e3o de A\u00e7\u00facar &#8211; <a href=\"https:\/\/cbme.org.br\/novo\/wp-content\/uploads\/2017\/05\/3EP-DiegoScofano-CCAPA.pdf\" target=\"_blank\" rel=\"noopener noreferrer\">Ado\u00e7\u00e3o de \u00e1reas naturais: estrat\u00e9gias para aprimorar a gest\u00e3o da visita\u00e7\u00e3o<\/a><\/em><\/li>\n<li><strong><em>M\u00e1rcia Hirota<\/em><\/strong><em>, Diretora Executiva e de Gest\u00e3o do Conhecimento da Funda\u00e7\u00e3o\u00a0SOS Mata\u00a0Atl\u00e2ntica &#8211;\u00a0<a href=\"https:\/\/cbme.org.br\/novo\/wp-content\/uploads\/2017\/05\/3EP-MarciaHirota-SOSMA.pdf\" target=\"_blank\" rel=\"noopener noreferrer\">Sustentabilidade das unidades de conserva\u00e7\u00e3o: engajamento da sociedade civil para boa gest\u00e3o<\/a><\/em><\/li>\n<\/ul>\n<p><strong><em>MESA III \u2013 Manejo da visita\u00e7\u00e3o: quais os benef\u00edcios, princ\u00edpios e valores associados?<\/em><\/strong><\/p>\n<ul>\n<li><strong><em>Cl\u00e9ber Dias,<\/em><\/strong> <em>Professor da P\u00f3s-Gradua\u00e7\u00e3o do Curso Estudos de Lazer da Universidade Federal de Minas Gerais &#8211;\u00a0<a href=\"https:\/\/cbme.org.br\/novo\/wp-content\/uploads\/2017\/05\/3EP-CleberDias-UFMG.pdf\" target=\"_blank\" rel=\"noopener noreferrer\">Perspectivas hist\u00f3ricas para o lazer na natureza<\/a><\/em><\/li>\n<li><strong><em>Kika Bradford<\/em><\/strong><em>, <\/em><em>Presidente da CBME e Diretora Executiva do Acesso PanAm &#8211;\u00a0<a href=\"https:\/\/cbme.org.br\/novo\/wp-content\/uploads\/2017\/05\/3EP-KikaBradford-CBME.pdf\" target=\"_blank\" rel=\"noopener noreferrer\">O acesso \u00e0s \u00e1reas naturais como estrat\u00e9gia de conserva\u00e7\u00e3o \u2013 a import\u00e2ncia de se garantir a diversidade de visita\u00e7\u00e3o<\/a><\/em><\/li>\n<li><strong><em>Milton Dines<\/em><\/strong><em>, <\/em><em>Ex-diretor de meio ambiente da CBME, professor da Faculdade de Arquitetura e Urbanismo da FIAAMFAAN e especialista em uso p\u00fablico em \u00e1reas protegidas &#8211;\u00a0<a href=\"https:\/\/cbme.org.br\/novo\/wp-content\/uploads\/2017\/05\/3EP-Milton_Dines.pdf\" target=\"_blank\" rel=\"noopener noreferrer\">A visita\u00e7\u00e3o em parques depende de qu\u00ea?<\/a><\/em><\/li>\n<li><strong><em>Ernesto Viveiros de Castro<\/em><\/strong><em>, <\/em><em>Chefe do Parque Nacional da Tijuca, ICMBio &#8211;\u00a0<a href=\"https:\/\/cbme.org.br\/novo\/wp-content\/uploads\/2017\/05\/3EP-ErnestoVCastro-PNT.pdf\" target=\"_blank\" rel=\"noopener noreferrer\">A visita\u00e7\u00e3o como estrat\u00e9gia de fortalecimento da gest\u00e3o<\/a><\/em><\/li>\n<li><strong><em>La\u00eds Fleury<\/em><\/strong><em>, <\/em><em>Coordenadora do Programa Crian\u00e7a e Natureza do Instituto Alana &#8211;\u00a0<a href=\"https:\/\/cbme.org.br\/novo\/wp-content\/uploads\/2017\/05\/3EP-LaisFleury-CriancaNatureza.pdf\" target=\"_blank\" rel=\"noopener noreferrer\">A import\u00e2ncia do lazer em \u00e1reas naturais na inf\u00e2ncia e na adolesc\u00eancia<\/a><br \/>\n<\/em><\/li>\n<\/ul>\n<p>&nbsp;<\/p>\n","protected":false},"excerpt":{"rendered":"<p>Vide relat\u00f3rio completo aqui Apresenta\u00e7\u00f5es disponibilizadas MESA I \u2013 Quais s\u00e3o os entraves para a aceita\u00e7\u00e3o e gest\u00e3o da visita\u00e7\u00e3o nos parques e como super\u00e1-los?&hellip;<\/p>\n","protected":false},"author":5,"featured_media":0,"parent":0,"menu_order":0,"comment_status":"closed","ping_status":"closed","template":"","meta":{"footnotes":""},"class_list":["post-1780","page","type-page","status-publish","hentry"],"_links":{"self":[{"href":"https:\/\/cbme.org.br\/novo\/wp-json\/wp\/v2\/pages\/1780","targetHints":{"allow":["GET"]}}],"collection":[{"href":"https:\/\/cbme.org.br\/novo\/wp-json\/wp\/v2\/pages"}],"about":[{"href":"https:\/\/cbme.org.br\/novo\/wp-json\/wp\/v2\/types\/page"}],"author":[{"embeddable":true,"href":"https:\/\/cbme.org.br\/novo\/wp-json\/wp\/v2\/users\/5"}],"replies":[{"embeddable":true,"href":"https:\/\/cbme.org.br\/novo\/wp-json\/wp\/v2\/comments?post=1780"}],"version-history":[{"count":5,"href":"https:\/\/cbme.org.br\/novo\/wp-json\/wp\/v2\/pages\/1780\/revisions"}],"predecessor-version":[{"id":1795,"href":"https:\/\/cbme.org.br\/novo\/wp-json\/wp\/v2\/pages\/1780\/revisions\/1795"}],"wp:attachment":[{"href":"https:\/\/cbme.org.br\/novo\/wp-json\/wp\/v2\/media?parent=1780"}],"curies":[{"name":"wp","href":"https:\/\/api.w.org\/{rel}","templated":true}]}}