{"id":1752,"date":"2017-05-30T20:52:07","date_gmt":"2017-05-30T20:52:07","guid":{"rendered":"https:\/\/cbme.org.br\/novo\/?page_id=1752"},"modified":"2017-05-30T20:52:07","modified_gmt":"2017-05-30T20:52:07","slug":"o-pacto","status":"publish","type":"page","link":"https:\/\/cbme.org.br\/novo\/o-pacto\/","title":{"rendered":"O Pacto"},"content":{"rendered":"<p>Estamos em um momento crucial na hist\u00f3ria da escalada. H\u00e1 cada vez mais pessoas escalando e visitando as montanhas. A grande quantidade de pessoas est\u00e1 causando um impacto no meio natural.<br \/>\nO futuro da escalada e das atividades de montanha depende da gente.<br \/>\nSomos apaixonados pelas montanhas e devemos ser respons\u00e1veis por suas a\u00e7\u00f5es e impactos nas \u00e1reas de escalada, bouldering e \u00e1reas naturais que visitamos.<br \/>\nComprometa-se com O Pacto. Convide os seus amigos a se comprometerem tamb\u00e9m.<\/p>\n<p><iframe src=\"https:\/\/player.vimeo.com\/video\/172105729\" width=\"640\" height=\"360\" frameborder=\"0\" allowfullscreen=\"allowfullscreen\" data-mce-fragment=\"1\"><\/iframe><\/p>\n<p><a href=\"https:\/\/vimeo.com\/172105729\">EL PACTO<\/a> from <a href=\"https:\/\/vimeo.com\/user15254125\">Acceso PanAm<\/a> on <a href=\"https:\/\/vimeo.com\">Vimeo<\/a>.<\/p>\n","protected":false},"excerpt":{"rendered":"<p>Estamos em um momento crucial na hist\u00f3ria da escalada. H\u00e1 cada vez mais pessoas escalando e visitando as montanhas. A grande quantidade de pessoas est\u00e1&hellip;<\/p>\n","protected":false},"author":5,"featured_media":0,"parent":0,"menu_order":0,"comment_status":"closed","ping_status":"closed","template":"","meta":{"footnotes":""},"class_list":["post-1752","page","type-page","status-publish","hentry"],"_links":{"self":[{"href":"https:\/\/cbme.org.br\/novo\/wp-json\/wp\/v2\/pages\/1752","targetHints":{"allow":["GET"]}}],"collection":[{"href":"https:\/\/cbme.org.br\/novo\/wp-json\/wp\/v2\/pages"}],"about":[{"href":"https:\/\/cbme.org.br\/novo\/wp-json\/wp\/v2\/types\/page"}],"author":[{"embeddable":true,"href":"https:\/\/cbme.org.br\/novo\/wp-json\/wp\/v2\/users\/5"}],"replies":[{"embeddable":true,"href":"https:\/\/cbme.org.br\/novo\/wp-json\/wp\/v2\/comments?post=1752"}],"version-history":[{"count":1,"href":"https:\/\/cbme.org.br\/novo\/wp-json\/wp\/v2\/pages\/1752\/revisions"}],"predecessor-version":[{"id":1753,"href":"https:\/\/cbme.org.br\/novo\/wp-json\/wp\/v2\/pages\/1752\/revisions\/1753"}],"wp:attachment":[{"href":"https:\/\/cbme.org.br\/novo\/wp-json\/wp\/v2\/media?parent=1752"}],"curies":[{"name":"wp","href":"https:\/\/api.w.org\/{rel}","templated":true}]}}