{"id":1427,"date":"2017-01-23T21:56:17","date_gmt":"2017-01-23T21:56:17","guid":{"rendered":"https:\/\/cbme.org.br\/novo\/?page_id=1427"},"modified":"2017-02-01T23:55:41","modified_gmt":"2017-02-01T23:55:41","slug":"acesso","status":"publish","type":"page","link":"https:\/\/cbme.org.br\/novo\/biblioteca\/acesso\/","title":{"rendered":"Acesso"},"content":{"rendered":"<ol>\n<li><a href=\"https:\/\/cbme.org.br\/novo\/wp-content\/uploads\/2017\/02\/Decreto-31906-acesso-as-montanhas.pdf\" target=\"_blank\">Decreto Municipal (RJ) 31.906 de 12 de fevereiro de 2010 &#8211; Disp\u00f5e sobre o Programa Municipal de Incentivo ao Montanhismo<\/a><\/li>\n<li><a href=\"https:\/\/cbme.org.br\/novo\/wp-content\/uploads\/2017\/01\/Placa-1-AvisoRisco-Urca-1.jpg\">Placa de Aviso de Risco elaborada pela FEMERJ e colocada no MONA dos Morros do P\u00e3o de A\u00e7\u00facar e da Urca<\/a><\/li>\n<li><a href=\"https:\/\/cbme.org.br\/novo\/wp-content\/uploads\/2017\/01\/Placa-2-AvisoEscalada-Urca.jpg\">Placa de Aviso de Risco na Escalada elaborada pela FEMERJ e colocada no MONA dos Morros do P\u00e3o de A\u00e7\u00facar e da Urca<\/a><\/li>\n<li><a href=\"https:\/\/cbme.org.br\/novo\/wp-content\/uploads\/2017\/01\/IN-ICMBIo-Condutor-de-Visitantes-2012.pdf\">Instru\u00e7\u00e3o Normativa do ICMBio sobre a n\u00e3o obrigatoriedade de contrata\u00e7\u00e3o de guias.<\/a><\/li>\n<li><a href=\"https:\/\/cbme.org.br\/novo\/wp-content\/uploads\/2017\/01\/Decreto-Estadual-42.483-uso-p\u00fablico.pdf\">Decreto Estadual 42.483 DE 27 DE MAIO DE 2010, que estabelece diretrizes para o uso p\u00fablico nos parques estaduais administrados pelo Instituto Estadual do Ambiente&nbsp;(RJ)<\/a><\/li>\n<li><a href=\"https:\/\/cbme.org.br\/novo\/wp-content\/uploads\/2017\/01\/Portaria-IEF.MG-173.13-uso-publico-em-unidades-de-conserva\u00e7\u00e3o-estaduais.pdf\">Portaria IEF-MG sobre Uso P\u00fablico em Unidades Estaduais<\/a><\/li>\n<\/ol>\n","protected":false},"excerpt":{"rendered":"<p>Decreto Municipal (RJ) 31.906 de 12 de fevereiro de 2010 &#8211; Disp\u00f5e sobre o Programa Municipal de Incentivo ao Montanhismo Placa de Aviso de Risco&hellip;<\/p>\n","protected":false},"author":1,"featured_media":0,"parent":1420,"menu_order":0,"comment_status":"closed","ping_status":"closed","template":"","meta":{"footnotes":""},"class_list":["post-1427","page","type-page","status-publish","hentry"],"_links":{"self":[{"href":"https:\/\/cbme.org.br\/novo\/wp-json\/wp\/v2\/pages\/1427","targetHints":{"allow":["GET"]}}],"collection":[{"href":"https:\/\/cbme.org.br\/novo\/wp-json\/wp\/v2\/pages"}],"about":[{"href":"https:\/\/cbme.org.br\/novo\/wp-json\/wp\/v2\/types\/page"}],"author":[{"embeddable":true,"href":"https:\/\/cbme.org.br\/novo\/wp-json\/wp\/v2\/users\/1"}],"replies":[{"embeddable":true,"href":"https:\/\/cbme.org.br\/novo\/wp-json\/wp\/v2\/comments?post=1427"}],"version-history":[{"count":5,"href":"https:\/\/cbme.org.br\/novo\/wp-json\/wp\/v2\/pages\/1427\/revisions"}],"predecessor-version":[{"id":1601,"href":"https:\/\/cbme.org.br\/novo\/wp-json\/wp\/v2\/pages\/1427\/revisions\/1601"}],"up":[{"embeddable":true,"href":"https:\/\/cbme.org.br\/novo\/wp-json\/wp\/v2\/pages\/1420"}],"wp:attachment":[{"href":"https:\/\/cbme.org.br\/novo\/wp-json\/wp\/v2\/media?parent=1427"}],"curies":[{"name":"wp","href":"https:\/\/api.w.org\/{rel}","templated":true}]}}