{"id":1425,"date":"2017-01-23T21:56:03","date_gmt":"2017-01-23T21:56:03","guid":{"rendered":"https:\/\/cbme.org.br\/novo\/?page_id=1425"},"modified":"2017-02-01T23:54:45","modified_gmt":"2017-02-01T23:54:45","slug":"manejo-de-areas-naturais","status":"publish","type":"page","link":"https:\/\/cbme.org.br\/novo\/biblioteca\/manejo-de-areas-naturais\/","title":{"rendered":"Manejo de \u00c1reas Naturais"},"content":{"rendered":"<p>1 &#8211;&nbsp;<a href=\"https:\/\/cbme.org.br\/novo\/wp-content\/uploads\/2017\/01\/FEMERJ-MAN-2013-01-Manejo-e-Monitoramento-jun2013.pdf\">Manejo da Visita\u00e7\u00e3o em \u00c1reas Naturais &#8211; Conceitos para o Planejamento (FEMERJ-MAN-2012-01)<\/a><\/p>\n<p>Resumo:&nbsp;Neste documento s\u00e3o apresentados conceitos que visam dar subs\u00eddios para um melhor planejamento e manejo da visita\u00e7\u00e3o em \u00e1reas naturais, sendo apresentado&nbsp;um sistema de classifica\u00e7\u00e3o de trilhas, classes de oportunidade de uso e perfil de&nbsp;visitantes baseados na realidade das UCs brasileiras e necessidades de gest\u00e3o. Esse \u00e9&nbsp;o primeiro documento da s\u00e9rie Manejo da Visita\u00e7\u00e3o em \u00c1reas Naturais.<\/p>\n<p>2 &#8211;<a href=\"https:\/\/cbme.org.br\/novo\/wp-content\/uploads\/2017\/01\/FEMERJ-MAN-2012-01.1.pdf\"> Manejo da Visita\u00e7\u00e3o em \u00c1reas Naturais&nbsp;&#8211; Metodologia de Monitoramento de Impactos da Visita\u00e7\u00e3o (FEMERJ-MAN-2013- 01)<\/a><\/p>\n<p>Resumo:&nbsp;Neste documento \u00e9 apresentada uma metodologia de monitoramento de impactos da visita\u00e7\u00e3o adaptada para a realidade brasileira e baseada nas metodologias&nbsp;Limites Aceit\u00e1veis de C\u00e2mbio (LAC) e &amp;#39;Visitor Experience and resource Protection&amp;#39;&nbsp;(VERP). Nesse contexto, s\u00e3o abordadas quest\u00f5es sobre monitoramento e&nbsp;manejo dos impactos da visita\u00e7\u00e3o, a carteira de indicadores de impactos com seus&nbsp;respectivos padr\u00f5es, a frequ\u00eancia indicada para monitoramento e as estrat\u00e9gias e&nbsp;a\u00e7\u00f5es de manejo. Esse \u00e9 o segundo documento da s\u00e9rie Manejo da Visita\u00e7\u00e3o em \u00c1reas&nbsp;Naturais.<\/p>\n<p>3 &#8211;&nbsp;<a href=\"https:\/\/cbme.org.br\/novo\/wp-content\/uploads\/2017\/01\/Placa-1-AvisoRisco-Urca-1.jpg\">Placa de Aviso de Risco elaborada pela FEMERJ e colocada no MONA dos Morros do P\u00e3o de A\u00e7\u00facar e da&nbsp;Urca<\/a><\/p>\n<p>4 &#8211;&nbsp;<a href=\"https:\/\/cbme.org.br\/novo\/wp-content\/uploads\/2017\/01\/Placa-2-AvisoEscalada-Urca.jpg\">Placa de Aviso de Risco na Escalada elaborada pela FEMERJ e colocada no MONA dos Morros do P\u00e3o de&nbsp;A\u00e7\u00facar e da Urca<\/a><\/p>\n<p>5 &#8211;&nbsp;<a href=\"https:\/\/cbme.org.br\/novo\/wp-content\/uploads\/2017\/01\/caracteristicas_plantas_sobre_rochas.pdf\">Algumas Caracter\u00edsticas das Plantas sobre as Rochas<\/a><\/p>\n<p>6 &#8211;&nbsp;<a href=\"https:\/\/cbme.org.br\/novo\/wp-content\/uploads\/2017\/01\/Os_verdadeiros_guardioes_das_florestas_Andre_Ilha.pdf\">Os verdadeiros guardi\u00f5es das florestas<\/a>&nbsp;Autor: Andr\u00e9 Ilha<\/p>\n<p>7 &#8211;&nbsp;<a href=\"https:\/\/cbme.org.br\/novo\/wp-content\/uploads\/2017\/01\/Reflexoes_sobre_as_concessoes_em_parques_Andre_Ilha.pdf\">Reflex\u00f5es sobre as concess\u00f5es em parques<\/a>&nbsp;Autor: Andr\u00e9 Ilha<\/p>\n<p>8 &#8211;&nbsp;<a href=\"https:\/\/cbme.org.br\/novo\/wp-content\/uploads\/2017\/01\/Visitacao_essencial_nos_parques_estaduais_do_Rio_de-Janeiro_Andre_Ilha.pdf\">Visita\u00e7\u00e3o \u00e9 essencial nos parques estaduais do Rio de Janeiro-Janeiro_Andre_Ilha<\/a><\/p>\n","protected":false},"excerpt":{"rendered":"<p>1 &#8211;&nbsp;Manejo da Visita\u00e7\u00e3o em \u00c1reas Naturais &#8211; Conceitos para o Planejamento (FEMERJ-MAN-2012-01) Resumo:&nbsp;Neste documento s\u00e3o apresentados conceitos que visam dar subs\u00eddios para um melhor&hellip;<\/p>\n","protected":false},"author":1,"featured_media":0,"parent":1420,"menu_order":0,"comment_status":"closed","ping_status":"closed","template":"","meta":{"footnotes":""},"class_list":["post-1425","page","type-page","status-publish","hentry"],"_links":{"self":[{"href":"https:\/\/cbme.org.br\/novo\/wp-json\/wp\/v2\/pages\/1425","targetHints":{"allow":["GET"]}}],"collection":[{"href":"https:\/\/cbme.org.br\/novo\/wp-json\/wp\/v2\/pages"}],"about":[{"href":"https:\/\/cbme.org.br\/novo\/wp-json\/wp\/v2\/types\/page"}],"author":[{"embeddable":true,"href":"https:\/\/cbme.org.br\/novo\/wp-json\/wp\/v2\/users\/1"}],"replies":[{"embeddable":true,"href":"https:\/\/cbme.org.br\/novo\/wp-json\/wp\/v2\/comments?post=1425"}],"version-history":[{"count":6,"href":"https:\/\/cbme.org.br\/novo\/wp-json\/wp\/v2\/pages\/1425\/revisions"}],"predecessor-version":[{"id":1599,"href":"https:\/\/cbme.org.br\/novo\/wp-json\/wp\/v2\/pages\/1425\/revisions\/1599"}],"up":[{"embeddable":true,"href":"https:\/\/cbme.org.br\/novo\/wp-json\/wp\/v2\/pages\/1420"}],"wp:attachment":[{"href":"https:\/\/cbme.org.br\/novo\/wp-json\/wp\/v2\/media?parent=1425"}],"curies":[{"name":"wp","href":"https:\/\/api.w.org\/{rel}","templated":true}]}}