{"id":1164,"date":"2016-12-26T13:48:47","date_gmt":"2016-12-26T13:48:47","guid":{"rendered":"https:\/\/cbme.org.br\/novo\/?page_id=1164"},"modified":"2016-12-26T13:48:47","modified_gmt":"2016-12-26T13:48:47","slug":"modalidades","status":"publish","type":"page","link":"https:\/\/cbme.org.br\/novo\/modalidades\/","title":{"rendered":"Modalidades"},"content":{"rendered":"<p><strong>Boulder<\/strong><br \/>\nBoulder pode ser definido como uma escalada sem corda, onde a seguran\u00e7a \u00e9 feita por colch\u00f5es espec\u00edficos. Uma competi\u00e7\u00e3o de Boulder \u00e9 caracterizada por vias curtas, at\u00e9 4,5 m, e movimentos concentrados de muita for\u00e7a.<br \/>\nO escalador pode tentar a via mais de uma vez e sua pontua\u00e7\u00e3o \u00e9 calculada atrav\u00e9s da dificuldade da via que o escalador conseguiu fazer e a quantidade de tentativas para mandar a via.<br \/>\nAs competi\u00e7\u00f5es t\u00eam um car\u00e1ter de atra\u00e7\u00e3o de p\u00fablico, seja pelo dinamismo das escaladas, a proximidade com o p\u00fablico, ou a plasticidade dos movimentos.<br \/>\n<strong>Escalada Guiada<\/strong><br \/>\nA competi\u00e7\u00e3o de escalada guiada utiliza cordas e seguran\u00e7a com equipamentos espec\u00edficos. Os competidores escalam uma via longa e dificuldade, tentando atingir o topo. Sua performance \u00e9 determinada pela agarra mais alta atingida, considerando se teve o \u201ccontrole\u201d dessa agarra (se estabilizou na posi\u00e7\u00e3o) ou se a agarra foi \u201cutilizada\u201d para fazer a progress\u00e3o para uma agarra posterior. Em geral, as competi\u00e7\u00f5es s\u00e3o divididas em classificat\u00f3rias e finais. Semifinais podem ocorrer em competi\u00e7\u00f5es com muitos atletas inscritos.<br \/>\n<strong>Velocidade<\/strong><br \/>\nNessa modalidade, os escaladores tentam escalar o mais r\u00e1pido poss\u00edvel at\u00e9 o topo. Ou seja, a velocidade em que se escala \u00e9 o \u00fanico dato que conta nesse tipo de competi\u00e7\u00e3o. Atualmente, h\u00e1 tamb\u00e9m a possibilidade de ter uma competi\u00e7\u00e3o por equipe de tr\u00eas nessa modalidade.<\/p>\n","protected":false},"excerpt":{"rendered":"<p>Boulder Boulder pode ser definido como uma escalada sem corda, onde a seguran\u00e7a \u00e9 feita por colch\u00f5es espec\u00edficos. Uma competi\u00e7\u00e3o de Boulder \u00e9 caracterizada por&hellip;<\/p>\n","protected":false},"author":1,"featured_media":0,"parent":0,"menu_order":0,"comment_status":"closed","ping_status":"closed","template":"page-sidebar.php","meta":{"footnotes":""},"class_list":["post-1164","page","type-page","status-publish","hentry"],"_links":{"self":[{"href":"https:\/\/cbme.org.br\/novo\/wp-json\/wp\/v2\/pages\/1164","targetHints":{"allow":["GET"]}}],"collection":[{"href":"https:\/\/cbme.org.br\/novo\/wp-json\/wp\/v2\/pages"}],"about":[{"href":"https:\/\/cbme.org.br\/novo\/wp-json\/wp\/v2\/types\/page"}],"author":[{"embeddable":true,"href":"https:\/\/cbme.org.br\/novo\/wp-json\/wp\/v2\/users\/1"}],"replies":[{"embeddable":true,"href":"https:\/\/cbme.org.br\/novo\/wp-json\/wp\/v2\/comments?post=1164"}],"version-history":[{"count":1,"href":"https:\/\/cbme.org.br\/novo\/wp-json\/wp\/v2\/pages\/1164\/revisions"}],"predecessor-version":[{"id":1165,"href":"https:\/\/cbme.org.br\/novo\/wp-json\/wp\/v2\/pages\/1164\/revisions\/1165"}],"wp:attachment":[{"href":"https:\/\/cbme.org.br\/novo\/wp-json\/wp\/v2\/media?parent=1164"}],"curies":[{"name":"wp","href":"https:\/\/api.w.org\/{rel}","templated":true}]}}