{"id":1144,"date":"2016-12-26T13:38:37","date_gmt":"2016-12-26T13:38:37","guid":{"rendered":"https:\/\/cbme.org.br\/novo\/?page_id=1144"},"modified":"2020-02-07T18:41:00","modified_gmt":"2020-02-07T18:41:00","slug":"mosquetao-de-ouro","status":"publish","type":"page","link":"https:\/\/cbme.org.br\/novo\/mosquetao-de-ouro\/","title":{"rendered":"Mosquet\u00e3o de Ouro"},"content":{"rendered":"<p>Inspirando-se no pr\u00eamio Piolets d&#8217;Or, a Confedera\u00e7\u00e3o Brasileira de Montanhismo e Escalada lan\u00e7ou o pr\u00eamio Mosquet\u00e3o de Ouro em 2015 para celebrar a paix\u00e3o, o esp\u00edrito e os valores, bem como os feitos de atletas e pessoas do montanhismo brasileiro.<\/p>\n<p>O pr\u00eamio objetiva incentivar o estilo \u00e9tico e limpo de ascens\u00f5es e conquistas de montanhas, trilhas de montanhismo e vias de escalada. Inova\u00e7\u00e3o, experi\u00eancia, respeito e feitos atl\u00e9ticos ser\u00e3o considerados no processo de premia\u00e7\u00e3o.<\/p>\n<p>Ser\u00e3o premiados anualmente atletas e personalidades, em diversas \u00e1reas de atua\u00e7\u00e3o do montanhismo, que est\u00e3o empenhados em engrandecer o esporte, explorando os limites do poss\u00edvel em suas respectivas \u00e1reas de atua\u00e7\u00e3o e ajudando a aperfei\u00e7oar as organiza\u00e7\u00f5es do montanhismo.<\/p>\n<p>O Mosquet\u00e3o de Ouro \u00e9 tanto uma celebra\u00e7\u00e3o de experi\u00eancias extraordin\u00e1rias, feitos atl\u00e9ticos, rico em emo\u00e7\u00e3o, realizados um ambiente \u00e9tico e em prol da comunidade montanhista.<\/p>\n<p>O objetivo espec\u00edfico do Mosquet\u00e3o de Ouro \u00e9 envolver a comunidade em um debate e premia\u00e7\u00e3o das pessoas e institui\u00e7\u00f5es que mais se destacaram no montanhismo brasileiro nos \u00faltimos dois anos, seja com feitos atl\u00e9ticos ou para o aprimoramento da organiza\u00e7\u00e3o do montanhismo.<\/p>\n<p><a href=\"https:\/\/cbme.org.br\/novo\/wp-content\/uploads\/2020\/02\/Regulamento-Mosquetao-Ouro-2020.pdf\" target=\"_blank\" rel=\"noopener noreferrer\">Regulamento Mosquet\u00e3o de Ouro 2020<\/a>.<\/p>\n<h3><a href=\"https:\/\/cbme.org.br\/novo\/mosquetao-de-ouro\/categorias\/\"><strong>Categorias<\/strong><\/a><\/h3>\n<h3><a href=\"https:\/\/cbme.org.br\/novo\/mosquetao-de-ouro\/criterios-pre-selecao\/\"><strong>Crit\u00e9rios Pr\u00e9-Sele\u00e7\u00e3o<\/strong><\/a><\/h3>\n<h3>Edi\u00e7\u00f5es Anteriores<\/h3>\n<ul>\n<li>Relat\u00f3rio Mosquet\u00e3o de Ouro 2019: <a href=\"https:\/\/cbme.org.br\/novo\/wp-content\/uploads\/2019\/05\/CBME-PMO-2019-01.pdf\">CBME-PMO-2019-01<\/a><\/li>\n<li><a href=\"https:\/\/cbme.org.br\/novo\/wp-content\/uploads\/2016\/12\/CBME-PMO-2017.02.pdf\">Relat\u00f3rio Mosquet\u00e3o de Ouro 2017<\/a>\u00a0(CBME: PMO-2017\/02)<\/li>\n<li><a href=\"https:\/\/cbme.org.br\/novo\/mosquetao-de-ouro\/resultado-mosquetao-de-ouro-2017\/\" target=\"_blank\" rel=\"noopener noreferrer\">Ganhadores 2017<\/a><\/li>\n<li><a href=\"https:\/\/cbme.org.br\/novo\/mosquetao-de-ouro\/ganhadores-2015\/\">Ganhadores 2015<\/a><\/li>\n<li><a href=\"https:\/\/cbme.org.br\/novo\/mosquetao-de-ouro\/ganhadores-2016\/\">Ganhadores 2016<\/a><\/li>\n<\/ul>\n<p><a href=\"https:\/\/cbme.org.br\/novo\/wp-content\/uploads\/2016\/12\/mosquetao_de_ouro_trofeu.jpg\" data-rel=\"penci-gallery-image-content\" ><img fetchpriority=\"high\" decoding=\"async\" class=\"aligncenter size-full wp-image-1593\" src=\"https:\/\/cbme.org.br\/novo\/wp-content\/uploads\/2016\/12\/mosquetao_de_ouro_trofeu.jpg\" alt=\"\" width=\"600\" height=\"375\" srcset=\"https:\/\/cbme.org.br\/novo\/wp-content\/uploads\/2016\/12\/mosquetao_de_ouro_trofeu.jpg 600w, https:\/\/cbme.org.br\/novo\/wp-content\/uploads\/2016\/12\/mosquetao_de_ouro_trofeu-300x188.jpg 300w, https:\/\/cbme.org.br\/novo\/wp-content\/uploads\/2016\/12\/mosquetao_de_ouro_trofeu-585x366.jpg 585w\" sizes=\"(max-width: 600px) 100vw, 600px\" \/><\/a><\/p>\n","protected":false},"excerpt":{"rendered":"<p>Inspirando-se no pr\u00eamio Piolets d&#8217;Or, a Confedera\u00e7\u00e3o Brasileira de Montanhismo e Escalada lan\u00e7ou o pr\u00eamio Mosquet\u00e3o de Ouro em 2015 para celebrar a paix\u00e3o, o&hellip;<\/p>\n","protected":false},"author":1,"featured_media":0,"parent":0,"menu_order":0,"comment_status":"closed","ping_status":"closed","template":"page-sidebar.php","meta":{"footnotes":""},"class_list":["post-1144","page","type-page","status-publish","hentry"],"_links":{"self":[{"href":"https:\/\/cbme.org.br\/novo\/wp-json\/wp\/v2\/pages\/1144","targetHints":{"allow":["GET"]}}],"collection":[{"href":"https:\/\/cbme.org.br\/novo\/wp-json\/wp\/v2\/pages"}],"about":[{"href":"https:\/\/cbme.org.br\/novo\/wp-json\/wp\/v2\/types\/page"}],"author":[{"embeddable":true,"href":"https:\/\/cbme.org.br\/novo\/wp-json\/wp\/v2\/users\/1"}],"replies":[{"embeddable":true,"href":"https:\/\/cbme.org.br\/novo\/wp-json\/wp\/v2\/comments?post=1144"}],"version-history":[{"count":9,"href":"https:\/\/cbme.org.br\/novo\/wp-json\/wp\/v2\/pages\/1144\/revisions"}],"predecessor-version":[{"id":2425,"href":"https:\/\/cbme.org.br\/novo\/wp-json\/wp\/v2\/pages\/1144\/revisions\/2425"}],"wp:attachment":[{"href":"https:\/\/cbme.org.br\/novo\/wp-json\/wp\/v2\/media?parent=1144"}],"curies":[{"name":"wp","href":"https:\/\/api.w.org\/{rel}","templated":true}]}}