{"id":1140,"date":"2016-12-26T13:36:47","date_gmt":"2016-12-26T13:36:47","guid":{"rendered":"https:\/\/cbme.org.br\/novo\/?page_id=1140"},"modified":"2017-02-18T20:50:25","modified_gmt":"2017-02-18T20:50:25","slug":"relatorio-de-acidentes","status":"publish","type":"page","link":"https:\/\/cbme.org.br\/novo\/relatorio-de-acidentes\/","title":{"rendered":"Relat\u00f3rio de Acidentes"},"content":{"rendered":"<p><a href=\"http:\/\/www.cbme.org.br\/acidentes\/relatorio.php\">INCLUA UM RELATO<\/a><\/p>\n<p>O Banco de Relatos de Acidentes da CBME (em tempo real) visa estruturar de maneira centralizada as informa\u00e7\u00f5es relacionadas a incidentes e acidentes que ocorram em territ\u00f3rio nacional com vistas a estimular o debate sobre pr\u00e1ticas e procedimentos que possam maximizar a seguran\u00e7a dos envolvidos.<br \/>\nO relato \u00e9 an\u00f4nimo, sem identifica\u00e7\u00e3o dos participantes, e n\u00e3o \u00e9 preciso&nbsp;ser um dos envolvidos diretamente para se fazer o relato. At\u00e9 mesmo relatos baseados em informa\u00e7\u00f5es da m\u00eddia s\u00e3o bem-vindos.<br \/>\nParticipe e divulguem!<\/p>\n<div>\n<ul>\n<li><a href=\"http:\/\/www.cbme.org.br\/acidentes\/lista.php\">Ver a listagem de relatos dispon\u00edveis para consulta<\/a><\/li>\n<li><a href=\"http:\/\/www.cbme.org.br\/acidentes\/relatorio.php\">Incluir um relato<\/a>&nbsp; (Nosso formul\u00e1rio \u00e9 uma vers\u00e3o baseada no original usado pelo AAC &#8211;&nbsp;<a href=\"http:\/\/americanalpineclub.org\" target=\"_blank\">American Alpine Club<\/a>)<\/li>\n<li><a href=\"http:\/\/www.cbme.org.br\/acidentes\/pendente.php\">Administra\u00e7\u00e3o<\/a>&nbsp;(apenas para administradores cadastrados)<\/li>\n<\/ul>\n<p>Podem ser relatados:<\/p>\n<ul>\n<li>Acidentes em qualquer modalidade de escalada, em ambiente de montanha ou n\u00e3o (gin\u00e1sio, muros de escalada, etc.)<\/li>\n<li>Acidentes em&nbsp;caminhada em ambiente de montanha ou trilha<\/li>\n<li>Acidentes envolvendo brasileiros no exterior<\/li>\n<\/ul>\n<p><strong>Iremos tamb\u00e9m incluir acidentes nas seguintes modalidades, seja em ambiente de montanha ou n\u00e3o, devido principalmente \u00e0 similaridade dos equipamentos ou t\u00e9cnicas utilizados:<\/strong><\/p>\n<ul>\n<li>Rapel<\/li>\n<li>T\u00e9cnicas verticais profissionais<\/li>\n<li>Arborismo<\/li>\n<li>Canionismo<\/li>\n<\/ul>\n<\/div>\n<p>Acidentes em ambiente de montanha por\u00e9m em modalidades muito espec\u00edficas (BASE jumping, Parapente, etc) devem ser relatados em outro canal apropriado.<\/p>\n<h4>Para ser&nbsp;notificado por e-mail&nbsp;quando um novo relato estiver dispon\u00edvel, <a href=\"http:\/\/www.cbme.org.br\/acidentes\/optin.php\">clique aqui<\/a>.<\/h4>\n","protected":false},"excerpt":{"rendered":"<p>INCLUA UM RELATO O Banco de Relatos de Acidentes da CBME (em tempo real) visa estruturar de maneira centralizada as informa\u00e7\u00f5es relacionadas a incidentes e&hellip;<\/p>\n","protected":false},"author":1,"featured_media":0,"parent":0,"menu_order":0,"comment_status":"closed","ping_status":"closed","template":"page-sidebar.php","meta":{"footnotes":""},"class_list":["post-1140","page","type-page","status-publish","hentry"],"_links":{"self":[{"href":"https:\/\/cbme.org.br\/novo\/wp-json\/wp\/v2\/pages\/1140","targetHints":{"allow":["GET"]}}],"collection":[{"href":"https:\/\/cbme.org.br\/novo\/wp-json\/wp\/v2\/pages"}],"about":[{"href":"https:\/\/cbme.org.br\/novo\/wp-json\/wp\/v2\/types\/page"}],"author":[{"embeddable":true,"href":"https:\/\/cbme.org.br\/novo\/wp-json\/wp\/v2\/users\/1"}],"replies":[{"embeddable":true,"href":"https:\/\/cbme.org.br\/novo\/wp-json\/wp\/v2\/comments?post=1140"}],"version-history":[{"count":5,"href":"https:\/\/cbme.org.br\/novo\/wp-json\/wp\/v2\/pages\/1140\/revisions"}],"predecessor-version":[{"id":1664,"href":"https:\/\/cbme.org.br\/novo\/wp-json\/wp\/v2\/pages\/1140\/revisions\/1664"}],"wp:attachment":[{"href":"https:\/\/cbme.org.br\/novo\/wp-json\/wp\/v2\/media?parent=1140"}],"curies":[{"name":"wp","href":"https:\/\/api.w.org\/{rel}","templated":true}]}}