{"id":1135,"date":"2016-12-26T13:34:22","date_gmt":"2016-12-26T13:34:22","guid":{"rendered":"https:\/\/cbme.org.br\/novo\/?page_id=1135"},"modified":"2017-08-15T18:51:19","modified_gmt":"2017-08-15T18:51:19","slug":"adote-uma-montanha","status":"publish","type":"page","link":"https:\/\/cbme.org.br\/novo\/adote-uma-montanha\/","title":{"rendered":"Adote uma Montanha"},"content":{"rendered":"<p><a href=\"https:\/\/cbme.org.br\/novo\/wp-content\/uploads\/2016\/12\/adote-uma-montanha.jpg\" data-rel=\"penci-gallery-image-content\" ><img decoding=\"async\" class=\"size-full wp-image-1136 alignleft\" src=\"https:\/\/cbme.org.br\/novo\/wp-content\/uploads\/2016\/12\/adote-uma-montanha.jpg\" alt=\"\" width=\"150\" height=\"200\" \/><\/a><\/p>\n<h3><span style=\"color: #339966;\">Hist\u00f3rico<br \/>\n<\/span><span style=\"color: #339966;\"><a href=\"https:\/\/cbme.org.br\/novo\/adote-uma-montanha\/dia-da-montanha-limpa-2017\/\">Dia da Montanha Limpa<br \/>\n<\/a><a href=\"https:\/\/cbme.org.br\/novo\/o-pacto\/\">Campanha O Pacto<\/a><br \/>\n<a href=\"https:\/\/cbme.org.br\/novo\/biblioteca\/\">Documentos<\/a><\/span><\/h3>\n<h3><\/h3>\n<p><strong>HIST\u00d3RICO &#8211;<\/strong> O Programa Adote Uma Montanha nasceu como um projeto em 2002 na FEMESP, estimulados pelas a\u00e7\u00f5es da ONU pelo Ano Internacional da Montanha. O objetivo era incentivar os clubes de montanhismo paulistas a atuar pela na conserva\u00e7\u00e3o ambiental das \u00e1reas de montanha e serras de divisa do Estado.<\/p>\n<p>Em 2002, foi realizada a primeira a\u00e7\u00e3o pelo \u201cDia da Montanha Limpa\u201d, com mutir\u00f5es de limpeza em tr\u00eas \u00e1reas adotadas: Pedra do Ba\u00fa, Pico do Jaragu\u00e1 e Parque Nacional de Itatiaia. A a\u00e7\u00e3o repetiu-se anualmente e tornou-se o principal motor do projeto, atraindo mais volunt\u00e1rios a cada ano e ampliando-se para fora do Estado de S\u00e3o Paulo, incluindo Minas Gerais e Paran\u00e1.<\/p>\n<p>Em 2004 uma nova equipe de volunt\u00e1rios juntou-se ao projeto, que foi reestruturado, voltando seu foco para o apoio aos grupos e para o incentivo \u00e0 participa\u00e7\u00e3o de montanhistas de outros locais e Estados. Esta equipe de volunt\u00e1rios passou a organizar e planejar as a\u00e7\u00f5es, apoiar os grupos participantes, e buscar apoio de empresas para custear as despesas. Ao final do ano o projeto j\u00e1 contava com dez grupos, e realizou o primeiro encontro Adote Uma Montanha, com workshops e treinamentos gratuitos para os montanhistas volunt\u00e1rios.<\/p>\n<p>Com a funda\u00e7\u00e3o da CBME e o interesse de outros Estados em participar, o projeto foi transferido da FEMESP para CBME e foi ampliado transformando-se no maior programa nacional volunt\u00e1rio de prote\u00e7\u00e3o \u00e0s \u00e1reas de montanha brasileiras.<\/p>\n","protected":false},"excerpt":{"rendered":"<p>Hist\u00f3rico Dia da Montanha Limpa Campanha O Pacto Documentos HIST\u00d3RICO &#8211; O Programa Adote Uma Montanha nasceu como um projeto em 2002 na FEMESP, estimulados&hellip;<\/p>\n","protected":false},"author":1,"featured_media":0,"parent":0,"menu_order":0,"comment_status":"closed","ping_status":"closed","template":"page-sidebar.php","meta":{"footnotes":""},"class_list":["post-1135","page","type-page","status-publish","hentry"],"_links":{"self":[{"href":"https:\/\/cbme.org.br\/novo\/wp-json\/wp\/v2\/pages\/1135","targetHints":{"allow":["GET"]}}],"collection":[{"href":"https:\/\/cbme.org.br\/novo\/wp-json\/wp\/v2\/pages"}],"about":[{"href":"https:\/\/cbme.org.br\/novo\/wp-json\/wp\/v2\/types\/page"}],"author":[{"embeddable":true,"href":"https:\/\/cbme.org.br\/novo\/wp-json\/wp\/v2\/users\/1"}],"replies":[{"embeddable":true,"href":"https:\/\/cbme.org.br\/novo\/wp-json\/wp\/v2\/comments?post=1135"}],"version-history":[{"count":10,"href":"https:\/\/cbme.org.br\/novo\/wp-json\/wp\/v2\/pages\/1135\/revisions"}],"predecessor-version":[{"id":1754,"href":"https:\/\/cbme.org.br\/novo\/wp-json\/wp\/v2\/pages\/1135\/revisions\/1754"}],"wp:attachment":[{"href":"https:\/\/cbme.org.br\/novo\/wp-json\/wp\/v2\/media?parent=1135"}],"curies":[{"name":"wp","href":"https:\/\/api.w.org\/{rel}","templated":true}]}}